git of h(-7)?
2
Let g = 6259 - 2036. What is the hundreds digit of g?
2
Suppose -5*r = 5*t + 63 + 52, -5*t + 29 = -r. Let j = r + 23. What is the units digit of (j/(-1))/(-1) + 52 + 10?
1
Suppose -19*k - 358758 = -76*k. What is the units digit of k?
4
Suppose 191*f - 185*f - 30 = 0. Suppose -6 = -7*c + 4*c, f*v - 5*c = 5345. What is the tens digit of v?
7
Suppose 40*b - 105*b + 803743 = -48*b. What is the ten thousands digit of b?
4
Suppose -2*q + 2 = 24. Let x = q + 13. Suppose x*b + 1 = 3. What is the units digit of b?
1
What is the tens digit of ((-5)/((-300)/87945) + -18)/(2/8)?
9
Suppose -16*q + 195156 = 20*q. What is the hundreds digit of q?
4
What is the hundreds digit of (-9 + 16637)*7/14?
3
Let a(l) = -l**2 - 17*l - 13. Let p = 1 - 12. Let c be a(p). Let w = c + -15. What is the tens digit of w?
3
Let p be ((4 - 3) + 0 - 1)/2. Suppose -6*b + p*b = 8790. What is the units digit of 8/(-44) + b/(-11)?
3
Let w(g) = -g - 11. Let j be w(-13). Suppose j*s - 5*t = 3*s - 10, 2*s = -5*t + 25. Suppose q + 3*y = -2*q + 21, -y = 3*q - s. What is the units digit of q?
4
Suppose -13*v + 10*v + 12 = 0. Let y be (343/42 - 8) + 473/6. Suppose -y = v*u - 5*u. What is the units digit of u?
9
Let f = -60208 - -85345. What is the thousands digit of f?
5
Let j = -23838 + 38248. What is the thousands digit of j?
4
Let i = -29 - -33. Suppose -48 = 3*k - i*k. Let n = -39 + k. What is the units digit of n?
9
Let w(y) = -4*y + 23. Let o be w(5). What is the units digit of 842/8 - o/36*3?
5
Suppose -2*s + 1148 = 4*i, 4*i - s + 5*s - 1156 = 0. Let d = 472 + i. What is the tens digit of d?
5
Let g = 51 - 45. Let i be (g/9)/((-4)/12). What is the units digit of 3*(i + (-595)/(-15))?
3
Suppose h + q - 6*q + 1213 = 0, 2*h + 2459 = -q. Let k = h + 1997. What is the tens digit of k?
6
Let p(k) be the second derivative of k**3/6 + 77*k**2/2 + 15*k. Let m(u) = u + 38. Let q(c) = -9*m(c) + 4*p(c). What is the units digit of q(-10)?
6
Suppose 186*h = 180*h - 1878. Let n = 487 + -21. Let r = h + n. What is the units digit of r?
3
Let y = 4918 + 1771. What is the units digit of y?
9
Let k(h) = 2*h**2 - 20*h - 19. Let f be k(-7). Suppose 3*g + 181 = 5*s, s + 63 = -g - 0*s. Let a = f + g. What is the tens digit of a?
5
Let m be 47922/33 - (-4)/(-22). Suppose -309*h + 303*h = -m. What is the units digit of h?
2
Suppose 0 = 2*u + 3*x - 15947, -4*u + 32474 - 613 = -5*x. What is the tens digit of u?
6
Suppose 49*m - 1025920 = 14*m. What is the thousands digit of m?
9
Let j(n) = n**2 + 8*n + 15. Let d be j(-7). Suppose d*g - 2386 = 1262. What is the units digit of g?
6
What is the hundreds digit of (-179898)/(-14) + -3 + 426/(-497)?
8
Let t = 39 - 19. Suppose 3*f + 5*h = 30, -f - f - 3*h = -t. What is the units digit of 44/f*(-10)/(-4)?
1
Let y(z) = z**2 + 19 - 7 - z + 3*z. Let c(t) = 2*t**2 - 37*t + 44. Let j be c(17). What is the units digit of y(j)?
7
Let x = 192689 + -131661. What is the hundreds digit of x?
0
Let b = 47 - 51. Let f(x) = -x**2 - 8*x - 8. Let t be f(b). Suppose -426 = -t*k + 5*k. What is the tens digit of k?
4
Let o = 10186 + -1218. What is the tens digit of o?
6
Suppose 2*o + 1244 + 2287 = 5*w, 4*w + 5*o = 2805. What is the units digit of w?
5
Suppose -77*p + 78*p - 5 = 0. Suppose -230 = -n + p*u + 142, u - 1964 = -5*n. What is the units digit of n?
2
Let k = 17 - 8. Suppose 0 = -k*p + 13*p - 188. Let w = 34 + p. What is the tens digit of w?
8
Suppose 16*z + 322 - 82 = 0. What is the hundreds digit of (-1)/(-2) - (3028/(-8) + z)?
3
Let i be (-2 + (-2)/(-2))*-1 + -306. Let b = -178 - i. What is the units digit of b?
7
Let z(x) = 4*x**2 - 149*x + 240. What is the units digit of z(38)?
4
Suppose 0 = -13*a - 37613 - 13165. What is the thousands digit of -15 + 8 + a/(-3)?
1
Let j(r) = -34*r - 37. Let m be j(-3). Suppose 611 = 4*a + 1691. What is the units digit of 4/(-26) - a/m?
4
Suppose 277*g - 16003125 = 2411558. What is the ten thousands digit of g?
6
Suppose 4*l - t - 92 = -5*t, 3*l - 70 = -2*t. Suppose -3102 = -35*m + l*m. What is the units digit of m?
2
Let k = 247 + -232. Suppose -2*b + 295 - k = 0. What is the hundreds digit of b?
1
Suppose 2*b - 128038 = 4*h, 65*b - 69*b + 256041 = -3*h. What is the ten thousands digit of b?
6
Suppose -11*b + 66111 = -12143. What is the tens digit of b?
1
Let f(n) = 2*n - 40. Let h be f(19). What is the tens digit of 10/h + (124 - 45)?
7
Let s(o) = -6 - 4*o**2 + 3*o**2 - 11*o - 2. Let g = 3426 - 3430. What is the tens digit of s(g)?
2
Let y(i) = -10*i - 308*i**2 - 1 - 2*i**3 + 11 + 296*i**2. What is the hundreds digit of y(-7)?
1
Suppose -4*x - 6 + 15 = -3*n, 0 = -3*n + 3. Suppose -4*u + 37 - 13 = 4*b, -b = -x*u + 6. What is the units digit of b?
3
Suppose -18*k + 11 = -17*k. Let j(p) = p**3 - 9*p**2 - 17*p - 12. Let d be j(k). Suppose q - d = 96. What is the tens digit of q?
3
Let t = -9242 - -12094. What is the units digit of t?
2
Let d be (4/10)/(5/(-75)). Let p(m) = m**3 + 7*m**2 + 4*m - 13. Let g be p(d). What is the tens digit of 3/g + 29 - -3?
2
Suppose 5*g - 5*h - 140 = 805, 3*h = -3*g + 537. What is the units digit of g - (-3 + 7) - -5?
5
Suppose 56 = -4*q + 2*h, -3*q + 4*h + h = 42. Let b = q - 44. What is the units digit of -1 + 15/5 - b?
0
What is the units digit of (-13900)/(-28) - (4/(-56) + 3/(-6))?
7
Let x = 387 + 8. Let v = -142 + 410. Let u = x - v. What is the units digit of u?
7
Let k(j) = 48 - 2*j - 39 + j. Let q be k(5). Suppose -6*a + q*a = -78. What is the units digit of a?
9
Let v = 175 - 62. Let a = 514 - v. What is the units digit of a?
1
Suppose 103*h - 45*h = 29*h + 473309. What is the hundreds digit of h?
3
Let r = -22 - -22. Suppose -2*b + 5*c - 3*c + 78 = r, -210 = -5*b + 2*c. Let p = b + -43. What is the units digit of p?
1
Let q(j) = 92 + 533*j - 263*j - 265*j. What is the units digit of q(-6)?
2
Let x(n) = 198*n - 99. Let f be x(10). Suppose -11*u + f = 176. What is the hundreds digit of u?
1
Let n be 3/12 + 42/24 - -16. What is the units digit of (-2214)/(-45)*30/n?
2
Let v(h) = 73*h**3 + h**2 + 3*h + 2. Let r be v(-1). Let b = r - -117. Let m = b - 13. What is the tens digit of m?
3
Suppose -39*s = -52913 - 88228. What is the hundreds digit of s?
6
Let k be 10 + (-364)/35 - (-132)/5. Suppose -6626 - 19140 = -k*q. What is the hundreds digit of q?
9
Let u = 14008 + 12050. What is the thousands digit of u?
6
Let t(k) = 37*k**2 - 4*k + 4. Let z be (-12)/20*(-15)/3. Let b be t(z). Suppose -3*a = -b + 40. What is the units digit of a?
5
What is the hundreds digit of (-5)/(-1)*-1 + 58247 + 29?
2
Let m = -73379 - -110797. What is the hundreds digit of m?
4
Let y(l) = -l**2 + 15*l + 9. Let c be y(17). What is the tens digit of ((-1)/(-2))/(c/(-25550))?
1
Let c(d) = 639*d**2 - 109*d - 507. What is the thousands digit of c(-5)?
6
Let w = -173 - -101. What is the thousands digit of 4*w/64*-450?
2
Let g(c) = 8742*c - 5750. What is the units digit of g(6)?
2
What is the ten thousands digit of ((-113238)/12)/(-9)*(-27)/(648/(-1216))?
5
Suppose -4*x - 25*x + 41122 = 0. Let h = x - 799. What is the tens digit of h?
1
Suppose 0 = -3*m - 9, 4*a + 3*m = 7407 + 5276. What is the units digit of a?
3
Suppose 0 = -j - 4*u + 16184, -44060 - 4408 = -3*j + 2*u. What is the tens digit of j?
6
Let u(l) = 8*l**2 + 6*l - 8. Let x be u(4). Let v = 252 - x. What is the units digit of v?
8
Let q(x) = 45*x - 34. Let k be q(1). Suppose k*p - 4046 - 4501 = 0. What is the hundreds digit of p?
7
What is the thousands digit of 13927 + (10 - 3) + -6?
3
Suppose 14468 - 952 = 4*r + s, -5*s = 5*r - 16895. What is the hundreds digit of r?
3
Suppose -142 - 12 = -22*t. Suppose 0 = t*u - 6611 + 1550. What is the hundreds digit of u?
7
Let b(d) = d**2 - 107*d + 623. What is the tens digit of b(104)?
1
Let z(d) = d**2 + 11*d - 40. Let m be z(-14). Let w(c) = 157*c + 8. What is the tens digit of w(m)?
2
Let h = -490 - -492. What is the hundreds digit of (-2)/(h + -10) - 1038/(-8)?
1
Suppose 4*d - y = -141, -3*y + 156 = -4*d + y. Let s = d + 36. What is the units digit of ((-89)/s)/(9/(-18))?
9
What is the units digit of (1 - -1065) + (4 - 10 - -12)?
2
Suppose 2*q + 2*q + 4 = 2*k, -2*k = 4*q - 4. Suppose 10 = 5*s, y + 100 = -k*y + 5*s. Let t = y + 35. What is the units digit of t?
5
Let x = 30 + -39. Let c(a) = a**3 + 8*a**2 - 7*a + 